 + 1. Determine t(-6).
-5
Let g(k) = 39*k + 1. Determine g(1).
40
Let f(z) = 18*z - 12. Determine f(2).
24
Let y(k) = -k**2 + 7*k + 18. Determine y(8).
10
Let a(z) = z**2 + 5*z - 13. Determine a(-7).
1
Let b(q) = q**3 + 5*q**2 - 5*q - 1. Determine b(-6).
-7
Let x(r) = 5*r**2 + r - 2. Give x(-1).
2
Let j(h) = 6*h + 9. Calculate j(3).
27
Let b(w) = w**2 - 3*w - 4. Calculate b(4).
0
Let n(y) = -y**2 - 14*y + 3. Calculate n(-14).
3
Let l(q) = -q**3 - 5*q**2 - 2*q - 4. Give l(-5).
6
Let h(c) = 7*c + 3. Determine h(-5).
-32
Let y(m) = -m**2 - 32*m - 113. Calculate y(-28).
-1
Let v(x) = -20*x + 175. Determine v(9).
-5
Let g(z) = -z**3 - 2*z**2 + z + 1. Give g(-2).
-1
Let o(b) = b**2 - 4*b + 3. Determine o(2).
-1
Let v(w) = w**3 + 18*w**2 - w - 4. Calculate v(-18).
14
Let a(u) = -5*u + 7. Determine a(3).
-8
Let z(j) = -j**3 - 14*j**2 + 51*j + 13. Determine z(-17).
13
Let f(m) = -m**2 - 21*m + 17. Give f(-21).
17
Let x(s) = -2*s + 7. What is x(-7)?
21
Let m(k) = k - 4. Calculate m(7).
3
Let o(q) = q**2 + 37*q + 70. What is o(-35)?
0
Let i(w) = w + 3. Calculate i(13).
16
Let r(s) = 15*s - 13. Give r(6).
77
Let f(s) = -3*s**3 - 5*s**2 - 4*s - 1. Determine f(-3).
47
Let u(x) = -13*x + 7. What is u(4)?
-45
Let t(l) = l**2 - 16*l + 4. Determine t(16).
4
Let f(x) = 2*x**3 - 49*x**2 + 23*x + 26. What is f(24)?
2
Let w(h) = -6*h**2 + 6*h - 20. Determine w(5).
-140
Let j(u) = u**2 + 10*u - 15. What is j(-12)?
9
Let r(s) = 2*s**2 - 14*s - 17. What is r(8)?
-1
Let m(f) = f**2 - 28*f - 26. Determine m(29).
3
Let d(q) = q**3 + 7*q**2 - 7*q - 4. Give d(-8).
-12
Let v(k) = -3*k + 13. Determine v(-2).
19
Let c(d) = d**2 - d - 6. Give c(0).
-6
Let a(k) = -k**2 - 4*k - 2. Determine a(-5).
-7
Let v(w) = -w**2 - 60*w - 329. Determine v(-54).
-5
Let p(t) = 10*t**2 + 240*t + 29. Calculate p(-24).
29
Let w(h) = -17*h**2 + h. Calculate w(-1).
-18
Let l(a) = -a**3 + 7*a**2 - 8*a - 2. Give l(6).
-14
Let p(x) = x**2 + x - 2. Calculate p(-4).
10
Let m(l) = l**3 - 2*l**2 - 7*l - 2. Calculate m(4).
2
Let c(w) = -2*w**2 + 12*w - 10. Calculate c(7).
-24
Let h(k) = -4*k**2 + 8*k - 3. What is h(2)?
-3
Let z(t) = 3*t**2 + 10*t - 10. Calculate z(-4).
-2
Let x(n) = -22*n + 20. What is x(6)?
-112
Let y(k) = -k**3 - 13*k**2 + 12. What is y(-13)?
12
Let w(x) = -x**2 + 16*x + 7. Give w(18).
-29
Let k(y) = y - 5. Calculate k(0).
-5
Let c(y) = -9*y + 4. Give c(-8).
76
Let a(v) = 8*v**2 + 3*v + 4. Calculate a(-1).
9
Let u(h) = 10*h - 399. Give u(40).
1
Let j(w) = 18*w - 86. Determine j(5).
4
Let a(i) = i**3 - 15*i**2 - 4. Give a(15).
-4
Let f(x) = x**2 - 30*x + 15. Give f(30).
15
Let q(s) = -s**2 - 21*s + 95. Calculate q(-25).
-5
Let p(s) = 3*s**2 - 10*s + 7. What is p(4)?
15
Let c(w) = -w**3 - 7*w**2 - 3*w + 7. Give c(-6).
-11
Let t(k) = -2*k**2 + 22*k - 59. Give t(8).
-11
Let r(y) = -y + 11. Determine r(6).
5
Let t(m) = m**3 - 21*m**2 + 35*m + 45. What is t(19)?
-12
Let p(l) = 2*l - 83. Determine p(21).
-41
Let q(v) = -v**3 + 5*v**2 + 10*v - 9. What is q(6)?
15
Let l(g) = 3*g**2 + 7*g + 9. Give l(-5).
49
Let t(i) = -124*i**2 - 1. Calculate t(-1).
-125
Let h(w) = w**3 + 18*w**2 - 4*w - 78. Calculate h(-18).
-6
Let d(r) = -r**2 - 17*r - 79. Determine d(-10).
-9
Let g(y) = -y**3 - 25*y**2 + y + 20. Calculate g(-25).
-5
Let b(o) = o**3 - o**2 - 4*o + 8. Determine b(2).
4
Let x(b) = -b - 21. What is x(-18)?
-3
Let h(v) = -v - 37. What is h(0)?
-37
Let z(n) = -n - 10. Give z(7).
-17
Let x(a) = -a - 47. Calculate x(25).
-72
Let x(l) = 4*l - 84. Give x(17).
-16
Let n(c) = 6*c + 32. Give n(-7).
-10
Let b(w) = 41*w + 1112. What is b(-27)?
5
Let a(w) = w**3 - 2*w**2 - 2*w - 3. Give a(3).
0
Let y(k) = -6*k - 17. What is y(-4)?
7
Let i(g) = g - 64. What is i(9)?
-55
Let n(u) = -u**2 + 23*u + 7. Determine n(19).
83
Let w(p) = p**2 - 10*p - 30. What is w(9)?
-39
Let l(h) = h**2 + 7*h - 4. Calculate l(-3).
-16
Let w(y) = y**3 - 9*y**2 + y - 17. Calculate w(9).
-8
Let h(u) = -103*u - 1025. Give h(-10).
5
Let r(i) = -3*i - 49. Calculate r(-13).
-10
Let u(y) = 2*y**3 - 20*y**2 + y - 7. What is u(10)?
3
Let a(l) = -l**3 + 8*l**2 - 6*l + 8. Determine a(7).
15
Let w(l) = l**2 + 3*l + 11. Give w(-9).
65
Let c(h) = h**2 - 5*h - 1. Give c(6).
5
Let s(u) = -2*u**2 - 5*u + 16. What is s(-7)?
-47
Let l(r) = 5*r - 239. Determine l(47).
-4
Let v(q) = -2*q**2 + 11*q + 118. Calculate v(11).
-3
Let k(g) = g**3 + 11*g**2 - 10*g - 7. Calculate k(-12).
-31
Let a(o) = -3*o**2 - 25*o - 10. What is a(-7)?
18
Let z(s) = -s**3 + 20*s**2 - 33*s - 60. Determine z(18).
-6
Let b(f) = f**3 + 4*f**2 - 8*f + 17. What is b(-7)?
-74
Let a(w) = 6*w + 2. What is a(-3)?
-16
Let f(j) = -j**2 - 8*j - 3. Give f(-8).
-3
Let b(f) = -2*f**3 - 11*f**2 - 21*f - 7. Calculate b(-6).
155
Let t(g) = g**3 + 15*g**2 + 10. Calculate t(-15).
10
Let x(c) = 27*c - 139. Give x(5).
-4
Let r(h) = -4*h + 12. Calculate r(-9).
48
Let f(g) = 8*g + 9. Determine f(-2).
-7
Let r(p) = -p**3 - 23*p**2 - 21*p + 12. Determine r(-22).
-10
Let g(j) = -2*j**2 - 2*j - 13. What is g(-4)?
-37
Let o(m) = -7*m + 2. Give o(-2).
16
Let q(p) = -p**2 - 5*p + 5. Determine q(-6).
-1
Let d(p) = 8*p + 56. Calculate d(-6).
8
Let a(u) = -18*u + 2. Give a(-2).
38
Let n(m) = 2*m**2 + 12*m - 28. Determine n(2).
4
Let j(f) = f**3 + 3*f**2 - 12. Give j(-3).
-12
Let o(j) = -j**3 - 5*j**2 + 5*j - 9. Calculate o(-7).
54
Let w(r) = r**2 + 7*r + 7. What is w(-6)?
1
Let c(t) = -4*t**3 + 6*t**2 - 6*t + 2. Give c(2).
-18
Let u(j) = 4*j**2 - 43*j + 86. Calculate u(8).
-2
Let j(i) = 8*i - 4. Calculate j(2).
12
Let a(d) = 3*d**3 + 16*d**2 - 5*d - 2. Give a(-6).
-44
Let i(o) = -o**3 - 6*o**2 + 10*o - 19. Determine i(-8).
29
Let g(v) = 12*v - 2. Calculate g(5).
58
Let y(u) = -u + 24. What is y(11)?
13
Let b(t) = t**2 + 21*t + 56. Give b(-11).
-54
Let m(s) = s**3 - 8*s**2 + 7. Calculate m(6).
-65
Let h(s) = 40*s - 73. Give h(2).
7
Let a(c) = 10*c + 13. Calculate a(8).
93
Let d(l) = -7*l + 18. Give d(5).
-17
Let u(f) = -f**2 - 9*f - 9. Calculate u(-6).
9
Let m(w) = -17*w + 40. Calculate m(3).
-11
Let r(b) = 5*b - 88. Determine r(13).
-23
Let o(t) = -t**3 + 41*t**2 - 77*t - 17. Determine o(39).
22
Let k(s) = -s**3 + 5*s**2 + 14*s + 9. Calculate k(7).
9
Let j(h) = -h**3 - 21*h**2 + 3*h + 57. Calculate j(-21).
-6
Let f(d) = d - 1. Determine f(-4).
-5
Let m(y) = y**2 - 15*y - 14. Give m(16).
2
Let u(m) = -16*m - 368. Give u(-23).
0
Let x(p) = 10*p. Calculate x(3).
30
Let j(b) = -b**3 + 20*b**2 - 54*b + 61. What is j(17)?
10
Let a(g) = -7*g - 8. Determine a(-2).
6
Let u(t) = t**3 + t**2 - t + 38. What is u(0)?
38
Let k(l) = -2*l + 24. What is k(13)?
-2
Let l(m) = m + 2. Calculate l(10).
12
Let c(p) = p**3 + 7*p**2 + 4*p + 1. Determine c(-7).
-27
Let t(n) = -26*n - 1. What is t(-1)?
25
Let l(p) = -2*p**2 - p. Give l(-4).
-28
Let p(s) = 3*s**3 - 5*s**2 + 2*s - 1. Calculate p(3).
41
Let v(m) = 2*m - 30. Give v(8).
-14
Let z(x) = -20*x - 123. Determine z(-6).
-3
Let w(n) = 4*n - 10. Give w(11).
34
Let l(k) = -3*k - 23. What is l(-8)?
1
Let q(b) = b**3 + 12*b**2 + 10*b. What is q(-11)?
11
Let k(r) = -8*r + 10. What is k(5)?
-30
Let w(m) = m + 5. Calculate w(11).
16
Let t(u) = 3*u - 29. Calculate t(10).
1
Let x(u) = -u**3 - 4*u**2 - 4*u - 2. Calculate x(-3).
1
Let k(u) = u. Calculate k(-4).
-4
Let z(d) = 30*d - 5. What is z(1)?
25
Let t(p) = -p + 2. Determine t(-7).
9
Let l(k) = 4*k**2 - 1. What is l(1)?
3
Let i(z) = -27*z + 7. What is i(-1)?
34
Let x(q) = -2*q**2 + 13*q - 31. Determine x(13).
-200
Let b(p) = 6*p - 3. Give b(-4).
-27
Let r(y) = -y**3 + 4*y**2 - 3*y + 1. Give r(3).
1
Let k(u) = 2*u**3 + 15*u**2 + u + 1. Calculate k(-7).
43
Let f(t) = -t**3 - 5*t**2 + 5*t + 9. What is f(-4)?
-27
Let a(j) = 9*j**3 - 4*j + 3. Calculate a(2).
67
Let i(g) = -2*g - 1. What is i(-4)?
7
Let p(x) = 2*x**3 - 29*x**2 + 13*x + 20. Calculate p(14).
6
Let k(c) = -c**2 - c + 1. Give k(4).
-19
Let q(f) = -28*f + 57. Determine q(2).
1
Let m(t) = -t**2 - 4*t - 6. Calculate m(-6).
-18
Let n(v) = 63*v**2 + 126*v + 3. Give n(-2).
3
Let i(u) = 10*u - 45. Determine i(17).
125
Let k(t) = t**3 + 5*t**2 + 4*t - 8. What is k(-3)?
-2
Let w(u) = -4*u + 45. Give w(-4).
61
Let p(i) = 12*i - 66. Calculate p(6).
6
Let s(j) = 6*j**3 + j**2 - 4. What is s(-2)?
-48
Let s(z) = z**3 + 7*z**2 + 6*z - 2. Calculate s(-5).
18
Let w(u) = 4*u - 85. Give w(21).
-1
